 - 100. What is the tens digit of t?
2
Let m(u) = u**3 - 8*u**2 + 3*u + 5. Let r be m(7). Let x = r - -33. What is the units digit of x?
0
Let a(z) = -z - 36. Let r be a(16). Let c = -3 - 0. What is the units digit of r/(-3) - c/(-9)?
7
Suppose -12 + 4 = -2*r. Let q be -12 + 9 - -4*1 - -1. Suppose 0*x = -q*o - x + 17, -r*o = 5*x - 31. What is the units digit of o?
9
Let r be (-1)/((-2)/(-4)) + -18. Let j be 37 - (-2 + 0)/(-1). What is the tens digit of j/2*(-16)/r?
1
Suppose x - 2*b - 20 = 0, -5*b - 59 = -x - 2*x. What is the units digit of x?
8
Let f(u) = -u**2 - 7*u - 3. Let h be f(-7). Let x be (-12)/(-2) + (-1 - h). Let w(g) = 2*g - 11. What is the units digit of w(x)?
5
Suppose 3*u - 9*u = -1392. What is the hundreds digit of u?
2
Suppose -47 - 42 = -4*h + 5*p, -11 = -h + 5*p. Suppose 6*j - 5*v - h = 2*j, 3*j - 3*v = 21. What is the units digit of j?
9
What is the hundreds digit of (1320/18)/(3/9)?
2
What is the units digit of (-3455)/(-45) - (-4)/18?
7
Suppose -3*d + 10 = -d. Suppose -d = -6*q + 1. What is the units digit of q?
1
Suppose 2*g - 4 = g. Let i be ((-2)/g)/((-5)/20). What is the units digit of -3*i*(-1)/3?
2
Suppose -b + 36 = -3*r + 7, -3*r + 3*b = 39. Suppose -11 = -2*u + 11. Let f = r + u. What is the units digit of f?
3
What is the units digit of 2*(-4 - (-143)/2)?
5
Let k(v) = 3*v**2 - 12*v - 2. Let x(r) = -2*r**2 + 11*r + 2. Let j(a) = 4*k(a) + 5*x(a). What is the tens digit of j(-5)?
1
Let d be ((-12)/(-15))/(2/(-10)). What is the units digit of (-54)/(-7) - d/14?
8
Suppose -5*h - 30 = 50. What is the tens digit of ((-264)/h)/(6/8)?
2
Suppose 2*j - j + 6 = 2*c, 3*j = -5*c - 7. Let w = j - -7. What is the units digit of w?
3
Suppose 74*m = 80*m - 330. What is the tens digit of m?
5
Let l = 84 + 8. Suppose 6*r - 2*r = l. Let j = r + -15. What is the units digit of j?
8
Let g = 15 + -5. Suppose 4*b - 46 - 34 = -4*r, g = r - b. What is the tens digit of r?
1
Let j = 1 + 0. Let b be 3 - (j + -2)*-1. What is the units digit of (1 + (b - 2))/1?
1
Let t = 16 - 1. What is the units digit of -2 + t - 1 - -1?
3
Let k = 2 + -2. Let a = -1 - k. What is the units digit of (-2)/(-6)*(-21)/a?
7
Suppose k = 3 - 7, 3*k = 4*z - 620. What is the hundreds digit of z?
1
Suppose -2*j + 67 = -5*j - r, -3*r - 25 = j. What is the tens digit of (j/(-1))/2*1?
1
Suppose -4*j + 36 = 4*w - 6*j, -3*w - 5*j + 1 = 0. What is the units digit of w?
7
Let a(k) = 10*k - 2. Let v be a(3). Suppose 2*s + 4*g - 30 - 4 = 0, -g + v = 2*s. What is the units digit of s?
3
Suppose -9*x + 16 = -5*x. Suppose s = u + 4*s - 15, -x*u + 73 = -s. What is the units digit of u?
8
Let n(k) = 21*k + 6. What is the tens digit of n(2)?
4
Suppose -3*d - 99 - 126 = -3*h, -170 = -2*h - 3*d. Suppose 0 = 4*r - h + 7. What is the tens digit of r?
1
Suppose -2*w = 3*w + 10. Let a = 44 + w. Suppose s + 2*b - a = -3*s, 2*s - 31 = -3*b. What is the units digit of s?
8
Suppose -6*h = h - 798. What is the units digit of h?
4
Let q(x) = -4*x - 10. Let v be q(-8). What is the units digit of 92/v + 2/(-11)?
4
Let d(g) = 2*g**2 + g + 1. Let q be d(-1). Suppose -2*o = 3*s - 14, 0*o + 12 = q*o + 2*s. What is the units digit of (-2)/(o/(-34)) + 2?
9
Let z(f) = -2*f - 3. Let p(l) = 3*l**3 - l**2 + 1. Let o be p(-1). Let i be z(o). Suppose -2*v + i = v. What is the units digit of v?
1
Let f = -129 - -216. What is the tens digit of f?
8
Let n = -9 - -40. What is the units digit of n?
1
Let y(b) be the second derivative of b**4/12 - b**3/3 - 2*b**2 + 3*b. What is the units digit of y(5)?
1
Suppose -3*r = -7 - 2, 3*r = -o + 11. Suppose o*h = 2*g + 2, -3*g - h + 2 = -11. What is the units digit of g?
3
Suppose -2*d + 31 = -33. What is the tens digit of d?
3
Let b = -74 + 76. Suppose 3*h = 40 + 32. Suppose -h = -b*d - d. What is the units digit of d?
8
Let m(v) = -48*v - 5. What is the tens digit of m(-3)?
3
Let z(m) = m + 10. Let f be z(-7). Suppose -5*w - 2*q = -4*w + 6, -10 = f*w + 4*q. What is the units digit of w?
2
Let m(v) = 16*v + 5. What is the tens digit of m(2)?
3
Suppose 3*a = -a. Suppose a = -5*c + 40 - 15. Let s = -2 + c. What is the units digit of s?
3
Suppose -6*u = -4*u - 24. Let d = u - 7. Suppose -17 - d = -2*f. What is the tens digit of f?
1
What is the tens digit of (3/(-5))/(4/(-360))?
5
Let i(s) = s**2 - 3*s - 3. Suppose -2*o - 10 = -3*y - 4*o, -4*o = 2*y - 4. What is the units digit of i(y)?
1
Let i(c) = -c - 2. What is the tens digit of i(-14)?
1
Suppose 0 = -2*r + 4*r + 2, -5*r - 1 = t. What is the units digit of 17/t + 5/(-20)?
4
Let z(m) = -3*m**2 - 1 - 2 + 3*m**2 - m**2 + 5*m. Let k be z(5). What is the tens digit of (10/3)/((-1)/k)?
1
Suppose 22*o - 286 = 20*o. What is the units digit of o?
3
Let t = -35 + 13. Let v = -6 - t. What is the tens digit of v?
1
Let t be 40*3*(-2)/15. Let l be -2 - t - (4 + -2). What is the units digit of 2/3*l - 2?
6
Suppose 0*f - 5*u = 4*f - 75, -u = f - 19. Suppose 0 = b - 6*b + f. Suppose -2*p + 0 = -b. What is the units digit of p?
2
Suppose -6*r = -4*r + 8. Let i(m) = -2*m**2 - m. Let q(k) = -5*k**2 - 2*k + 1. Let g(l) = -8*i(l) + 3*q(l). What is the units digit of g(r)?
1
Let r be (12/14)/(5/(-35)). Let u be (-2)/((-11)/(-9) - 1). What is the units digit of (-6)/u + (-26)/r?
5
Let m = -11 + 18. Let c = m + -4. Suppose q = -0 - 1, 3*i + c*q = 3. What is the units digit of i?
2
Suppose 5*t + 6 = -34. Let n(c) = -3*c - 6. Let f(m) = 2*m + 6. Let s(k) = 4*f(k) + 3*n(k). What is the units digit of s(t)?
4
Suppose 0 = -2*c - 0*c + 38. Suppose 5*n = -o + c, o - 3*o - n = -38. What is the units digit of o?
9
Let b = -4 - -8. Suppose 0 = -b*n - 4, -3*d + 5*n = d - 17. Let z = d - 2. What is the units digit of z?
1
Let p be (8/28)/((-2)/(-14)). Let o = 4 - p. What is the units digit of o?
2
Suppose q + 3 = 3*i - 0, -2*q - 2 = -4*i. Suppose -2*b + 6 = b. Suppose 2*u - b*c = 0, c + 1 = i*u - 4. What is the units digit of u?
5
Let h(o) = 22*o**2 - 1. Let z be h(1). Let r = 29 - z. What is the units digit of r?
8
What is the units digit of (40/(-12))/((-10)/75)?
5
Let v(d) = 2*d**3 + 2*d**2 + 3*d - 3. Let w be (-6)/(-3) - (2 - 2). What is the units digit of v(w)?
7
Let y(g) = -2*g + 24. What is the units digit of y(-20)?
4
Suppose -4*p = -6*p + 58. Let x = p + -17. Suppose -3*a - x = v - 7*a, 5*v - 5*a = 15. What is the units digit of v?
8
Suppose 5*b = 3*b + 8, -3*b = z - 111. What is the units digit of z?
9
Let t(x) = -x**2 + 14*x + 3. Suppose 2*i = -g + 3*i + 10, 0 = -2*g + i + 22. What is the units digit of t(g)?
7
Suppose 4*y - 214 = -2*d, 0*d + d + 5*y = 110. What is the tens digit of d?
0
Let b(p) = -p + 15. What is the tens digit of b(-8)?
2
Let l = -3 - -35. Suppose 0 - 9 = -s + r, -2*s = 5*r - l. What is the units digit of s?
1
Let g be 2/4 - (-2)/(-4). Let h = g - 2. What is the units digit of (-16)/h - 0/(-2)?
8
Let q(a) = 4*a**2 + 3*a - 9. Let o = -17 - -13. What is the tens digit of q(o)?
4
Let m be 1*-6*(1 - 0). Let j(x) = x**2 + 7. Let z be j(0). Let g = m + z. What is the units digit of g?
1
Let o(v) = -v**3 - 6*v**2 - 4*v - 3. Let y be o(-6). Suppose -4*j = -y - 15. What is the units digit of j?
9
Let w be (2/4)/((-2)/(-4)). Let s = -2 + 5. Suppose 0 = 5*v - 2*u - 17, s + w = 3*v + 5*u. What is the units digit of v?
3
Let g be -110*(4/10)/(-1). Suppose -5*z + g = 9. What is the units digit of z?
7
Let t(r) = 9*r - 9. Suppose 4*z = -3*f - 4, 3*f + 2*f + 3*z - 8 = 0. What is the units digit of t(f)?
7
Let o(m) = m**3 - 7*m**2 - 7*m - 5. Let a be o(8). Suppose y = -2*q + 4, -a*q + y + 3 = 2*q. What is the units digit of q?
1
Suppose 4*l = -2*i + 14, 9*i - 4*i - 5 = -4*l. Suppose -2*o + l*o = 9. Suppose 3 = -o*s + 3*y, -5*s + 3 = -2*s - y. What is the units digit of s?
2
Let p(r) = 2*r - 2*r - 1 + 3*r. Let w be p(1). Suppose 2*u = -q + 6*u + 14, 3*q + w*u - 28 = 0. What is the units digit of q?
0
Suppose 0 = 4*g + 7*v - 3*v - 608, 5*v - 316 = -2*g. What is the tens digit of g?
4
Let c = -4 + 6. Suppose a - 5*t + 18 = c*a, -t = 4*a - 15. What is the units digit of 1/((-3)/a) - -7?
6
Suppose 3*s - 6*s = -39. Suppose 0 = 4*n - 31 - s. Suppose -2*v + 5 = -n. What is the units digit of v?
8
Let a(s) = 175*s. What is the units digit of a(1)?
5
Suppose -1 = -2*z + 5. Suppose -z*j = 1 - 4. What is the units digit of j?
1
Let v = -5 + 69. Suppo